s + 48*s + 62857 = 0. What are the prime factors of u?
3, 5, 11, 127
Let t be (-34)/(-10) - (-9)/15. List the prime factors of 0 + t + 81 + 8.
3, 31
Suppose j + 2*p - 13 = 0, p + 12 = 8. Suppose 19 = 4*h + 2*c + 3*c, 0 = -3*h + 3*c + j. What are the prime factors of (-6032)/(-48) + 2/h?
2, 3, 7
Let l = -7458 + 21776. List the prime factors of l.
2, 7159
Suppose 4*i + 5*k - 3 = -7, 4*i - k - 20 = 0. Suppose -3*u = 3*w - 27, u - 2*w - i + 1 = 0. Suppose -u*f = -3*f - 172. What are the prime factors of f?
43
Let s(u) = 286*u**2 + 275*u + 16. List the prime factors of s(-7).
3, 5, 269
Suppose 5*a = -5*l + 7695, 4*a - 6156 = -2*l + 7*l. Let y = -884 + a. Suppose -13*j = -8*j - y. List the prime factors of j.
131
Let l(w) = 14*w + 36. Let i be l(24). Let q = i - 325. What are the prime factors of q?
47
Let g be 8*5/180 + 91443/27. Suppose g + 1638 = 25*j. List the prime factors of j.
3, 67
List the prime factors of (14/(-77))/(-6*3/296802).
2, 1499
Let f(i) = 5*i + 1780. Let a be f(0). Let j = -746 + a. What are the prime factors of j?
2, 11, 47
Let b(l) = l**2 - 1. Let s(c) = 6*c**2 - 2*c - 11. Let g(v) = -5*b(v) + s(v). Let t be g(6). Let k = t + 8. List the prime factors of k.
2, 13
Let c be 12/18 - (-10)/(-6). Let n be (-6)/(c - (2 - 2)). Suppose -4*p = 2*j - n*p - 150, -4*j = -3*p - 302. List the prime factors of j.
7, 11
List the prime factors of (100/60)/((-10)/(-28068)).
2, 2339
Let c = -52 - -51. List the prime factors of (296/(-32))/(c/12).
3, 37
Suppose x + 5*h = -2*x - 6, 0 = -x - 2*h - 3. Suppose -14*a = -x*a - 176. List the prime factors of ((968/a)/(-11))/((-2)/28).
7, 11
Let n = -1 - -3. Let o = 4864 - 4822. List the prime factors of (o/16*n)/(1/24).
2, 3, 7
Suppose -79*g + 230*g = 1918757. What are the prime factors of g?
97, 131
Suppose 3*h + 4*i = 502, h - 7*i - 165 = -6*i. Let z be 11 + -18 + 2 + 188/(-2). Let y = h + z. List the prime factors of y.
67
Let m be (0 - 2/6)/((-4)/24). Suppose 8*f + 1392 = m*f. What are the prime factors of (6 - (-15)/(-4))*f/(-3)?
2, 3, 29
What are the prime factors of 523971/63 + (3/(-9)*-3)/1?
2, 4159
Let y(n) = 6*n**2 - 2*n + 722. Suppose -9*c + c = 0. List the prime factors of y(c).
2, 19
What are the prime factors of 261*(-6)/(-18)*5/(-15)*-371?
7, 29, 53
Suppose -15 = -4*s + x, -4*s + 4*x = -2*s - 18. Suppose -182*b - 131693 = -32867. List the prime factors of 3 - (s/(-2) + b/6).
5, 19
Let g = -2376 - -5015. List the prime factors of g.
7, 13, 29
Suppose 10*z - 9*z + 4*m = 787, 0 = 2*z - 5*m - 1613. What are the prime factors of z?
17, 47
Suppose -132*v = 45184 - 1743628. What are the prime factors of v?
3, 4289
Suppose 9 = -3*b, -4*i - 3*b = -2*b - 2301. Suppose -2*y + 1552 - i = 0. List the prime factors of y.
2, 61
Suppose -71 = -2*v - 13. Let i = -115 - v. List the prime factors of ((-52)/(-16))/((-4)/i).
3, 13
What are the prime factors of ((-1)/(-1))/(-13 - -4) - (-205760)/18?
7, 23, 71
Suppose 9*t = -0*t + 15*t - 40986. List the prime factors of t.
3, 11, 23
Let n(i) = i**2 - 6*i**2 - 9*i + i**3 + i**3 + 6. Suppose -k = 3*o + 11, 5*k + 23*o - 45 = 28*o. List the prime factors of n(k).
2, 3
Let c(v) = 138*v**2 + 3*v. Let m be c(-3). Suppose -4*y - 5*n = -m, 2*y - 6*y + 3*n + 1193 = 0. What are the prime factors of y?
2, 151
Let n(f) = 4*f**3 + f**2 + 3*f - 4. Let y be n(-3). Let g = y + -34. Let j = -37 - g. What are the prime factors of j?
109
What are the prime factors of ((-4734)/24)/(87/(-5452))?
47, 263
Let h = -179 + 163. What are the prime factors of (-70 - 0)*((-72)/h - 8)?
5, 7
Let f = -1 + -8. List the prime factors of 1466 - (-4 - f/9).
13, 113
Let f = -52612 - -92269. What are the prime factors of f?
3, 13219
Suppose -17*s + 16*s = -4*u + 415, -3*u = s + 450. Let x = s - -873. What are the prime factors of x?
2, 3, 73
Let l be -6*(-1)/2 - (-44 - -44). Suppose 3*d + 0*r - 1950 = -l*r, -5*r = 4*d - 2598. List the prime factors of d.
2, 163
Suppose -3*w - 4 = 2*y, 2*w + 4 = -y - 0*y. Suppose 5*o + 0 = y*t - 2, -2*t = -2*o - 2. Suppose 0 = o*j - 6*j + 64. List the prime factors of j.
2
Let m = 4012 - 2352. What are the prime factors of m?
2, 5, 83
Let c = -162 - -264. What are the prime factors of c + 0/(-2) - -3 - 2?
103
Let g(j) = 27 - 30 - 60*j + 22*j + 135. List the prime factors of g(-8).
2, 109
Let q(j) = 504*j + 126. Let f be q(7). Suppose -2*a - 3*a + 115 = 0. Suppose -a*g + f = -5*g. What are the prime factors of g?
7, 29
Let s(q) = -2*q**3 - 25*q**2 - 74*q + 51. What are the prime factors of s(-20)?
17, 443
What are the prime factors of 8/((-4)/(-422080)*20)?
2, 1319
Let t be 5 - ((6 - 3) + -2). Suppose 7*z = 4*z - 4*o - 56, 3*z = t*o - 16. Let a = 59 + z. List the prime factors of a.
47
Suppose 0 = -31*h + 10772 + 4077. Suppose -35 = -s - 4*r + h, -5*s + 2586 = 4*r. What are the prime factors of s?
2, 7, 37
Let j(t) = 6*t**2 - 143*t + 280. What are the prime factors of j(27)?
13, 61
Suppose 30 = 14*x - 12*x. Let w = x - 5. What are the prime factors of 215/w + 2/(-4)?
3, 7
Suppose 123 = -3*d + 21. Let n = 23 + d. Let y(m) = -18*m - 21. List the prime factors of y(n).
3, 59
Let b(z) be the second derivative of z**4 + 19*z**3/6 - 7*z**2 + 40*z. List the prime factors of b(6).
2, 7, 19
Let k = -30 - -28. Let r be (1 - 0)*1 + k. What are the prime factors of 2 + 2 - 11/r?
3, 5
What are the prime factors of 4/(-34) + (-7780215)/(-969)?
7, 31, 37
Let q(d) = -7*d**3 - 1. Let f be q(-1). Let k = -4 + f. Suppose 0 = -k*g + 175 + 225. List the prime factors of g.
2, 5
Let s be (-1)/3 + (160/(-6))/(-8). Suppose -d + 38 = s*c, d - 5*c - 7 = -1. Let l = d + 46. What are the prime factors of l?
2, 3
Suppose -d = -4*k + 2*k - 5, 2*d = -4*k + 10. Suppose -v = -c + 16 + 8, k = -3*c + 5*v + 82. Let n = 38 - c. What are the prime factors of n?
19
Let q(n) be the third derivative of -2*n**4 + 21*n**2 + 4/3*n**3 + 0*n + 0. What are the prime factors of q(-2)?
2, 13
Let l(j) = -1435*j - 9674. List the prime factors of l(-17).
3, 7, 701
Suppose -5*v + 4159 = w, -3*w - 29*v + 31*v + 12494 = 0. What are the prime factors of w?
2, 3, 347
Suppose 8762 = 98*s - 72*s. Suppose -4*l = 5*z - s, 6*z = 5*l + 8*z - 400. List the prime factors of l.
2, 3, 13
Let h = 16 + -10. Let s be h/(-45) - (-35323)/(-15). What are the prime factors of (-2)/4 - s/30?
2, 3, 13
List the prime factors of (-34)/51 - (-71738)/12 - 15/(-6).
2, 5, 13, 23
Let q = -18369 + 34748. What are the prime factors of q?
11, 1489
Suppose -8237 = -4*a - h + 14788, -2*a - 3*h = -11505. What are the prime factors of a?
3, 19, 101
Suppose -3*z + 35690 = 5*b, 4*b - 73*z - 28565 = -78*z. What are the prime factors of b?
5, 1427
Let a(v) = -v**2 + 3*v - 2. Let c(y) = y - 2. Let u be c(4). Let j be a(u). Suppose 2*l - 53 = -k, j*l + l = 5*k - 276. What are the prime factors of k?
5, 11
Let k(a) = 119 + 21 + 56 + 5*a. List the prime factors of k(-8).
2, 3, 13
Let p(v) = -1016*v + 808. What are the prime factors of p(-20)?
2, 19, 139
Suppose 17286 + 4660 = 2*y + 2*t, 4*t + 10973 = y. What are the prime factors of y?
10973
Let u(v) = 2*v + 61. Let b be u(-14). List the prime factors of (44/b)/((-2)/(-486)).
2, 3
Let j(p) = -14623*p - 75. What are the prime factors of j(-1)?
2, 3637
Let k be 20/(-1 + 5) + 2 + 8. Suppose -k*c + c + 2338 = 0. List the prime factors of c.
167
Suppose -83332 = -27*k + 199439. List the prime factors of k.
3, 3491
Let f = 56 + -102. Let m = 46 + f. Suppose -2*y + 89 - 27 = m. List the prime factors of y.
31
Suppose 0 = -g - 3*g + 3*l + 32, -2*l + 16 = 2*g. Suppose 5*o - 39 = -g*o. List the prime factors of (-1295)/(-14) - o/(-2).
2, 47
Suppose 0 = -4*i + 2*i - 26185 + 93665. List the prime factors of i.
2, 5, 7, 241
List the prime factors of (-64)/((-16)/2) + 15176 + 8.
2, 3, 211
Let u = -33 + 36. Let h be 7*(54/(-14) + u). List the prime factors of ((-264)/9)/(h/9).
2, 11
Suppose -5*r + 99065 = -s, -5*r = s - 6*s - 99045. List the prime factors of r.
2, 9907
Let k = 11668 - 8330. List the prime factors of k.
2, 1669
Let r(a) = 4*a**2 + 22*a + 11. What are the prime factors of r(43)?
8353
Suppose -p + 3*t - 3 = -19, 24 = 2*p + 2*t. Let x(u) = -p*u + 6*u - 1 + 6. What are the prime factors of x(-6)?
47
Let v be ((-10)/(-6) + -1)*9/6. Let o be (-1)/(v/12*2). List the prime factors of (2 - -176)/(o/(0 - 3)).
89
What 